a composite number?
True
Suppose -5*p + 4*s = -464097, 26*s = 3*p + 29*s - 278469. Is p composite?
False
Let a(l) = 2*l**3 + 7*l**2 + 14*l + 27. Let j be a(-8). Let c = j - -3450. Is c a prime number?
True
Let h(f) = 33578*f + 1703. Is h(6) a prime number?
False
Let o be (-1618)/(-3)*(-8)/20*-15. Suppose -1800 - o = -4*d. Is d composite?
False
Suppose 3*i - 5*v = -27936, -10*i - 27936 = -7*i - 4*v. Let f = i + 17065. Is f a prime number?
True
Let k(y) = -16028*y - 697. Is k(-6) a prime number?
True
Let p(n) = 2359*n + 2505. Is p(106) a prime number?
True
Let u(m) = -574*m**3 - 14*m**2 - 88*m + 9. Is u(-5) composite?
False
Suppose 4384 = -f - 3*f. Let d = -696 - f. Let t = -221 + d. Is t composite?
False
Suppose -197*f + 187*f + 421690 = 0. Is f prime?
True
Is (-53104766)/(-429) - 1/3 a prime number?
True
Let j = 8553434 - 6031027. Is j composite?
False
Suppose a = -3*v + 8, 0*v - 4*a = -4*v + 32. Let m(i) = 268*i**2 + 12*i - 53. Is m(v) composite?
False
Suppose 13*r - 743040 - 1090316 = 478707. Is r prime?
False
Suppose 0 = 41*z - 14197741 - 4500432. Is z a prime number?
False
Let f(h) = -3832*h - 39. Is f(-8) a prime number?
False
Let f be (275*-1)/((-8)/424). Let b = -10292 + f. Is b prime?
True
Suppose -5*g + 3*n = 2*n - 839, 0 = g - 2*n - 175. Let f = g - 144. Is f composite?
False
Let p(k) = -8*k + 104. Let h be p(12). Is ((-4628)/h*-4)/2 prime?
False
Let l = 100 - 104. Let c be -4 + (l + 2)/(-1) - -2568. Suppose -7*b + 9*b = c. Is b a prime number?
True
Let g(x) = 7*x**2 + 5*x + 16. Let h be g(-4). Suppose -2*v - o = -h, 4*o - 45 = -v - o. Is v a prime number?
False
Let g = -90005 - -142812. Is g a prime number?
True
Let k be 58*(0 - 2)*-1. Suppose 41*d + 78 = -8*d - 29*d. Let a = d + k. Is a composite?
True
Suppose 407 = 3*g - 3*x - 2*x, 4*g + 4*x - 532 = 0. Let r(o) = -47*o + 5. Let a be r(-4). Let q = a - g. Is q prime?
True
Let x(y) = 42*y**2 + 2*y + 681. Is x(20) a composite number?
True
Suppose -5*x + 1150128 = 4*m, -6*m = -3*m + x - 862607. Is m a composite number?
False
Suppose -66*l - 42 = -59*l. Let q be (-286742)/3 + (-4)/l. Is 6/21 + (q/35)/(-4) composite?
False
Suppose -31*f + 80162 = 2*g - 27*f, -3*f = -4*g + 160379. Is g a composite number?
True
Let d be 2 + 40/4 + 0. Let x be (d/8 - -3)*14 + 0. Is 68472/x + (-2)/(-14) a prime number?
True
Suppose 5*v + 244453 = -2*p + 1168208, -3*v + 4*p + 554227 = 0. Is v composite?
True
Is 15/60 - 1032619/(-84)*-9*-13 prime?
True
Let n = 7723 + -2639. Is 24/16*n/6 prime?
False
Let b = -13579 + 5743. Let m = b + 15983. Is m a composite number?
False
Suppose -4*x + 5*w + 44 = 0, w = 3*x - 2*w - 30. Suppose -3*j = -x*j + 36567. Let g = j + -5284. Is g prime?
False
Suppose 6*p = -113*p + 1581358 + 6127105. Is p a prime number?
False
Let w(q) = q**2 + 12*q + 35. Suppose -57*a - 30 = -51*a. Let n be w(a). Is 157/(n - 1 - 8/(-7)) a composite number?
True
Suppose 533622 = 15*n - 113030 - 61393. Is n a composite number?
True
Let o(k) = -3104*k + 1087. Is o(-17) a prime number?
False
Let h = -276 + 104. Let n be (-1352)/(-15) + (h/(-60) - 3). Is -2 + ((-4)/18 - (-9740)/n) composite?
True
Let r(p) = 16100*p**2 - 263*p - 12. Is r(-7) a composite number?
True
Suppose -5*a - 3*s = -1620199, -8*a + 10*s = -5*a - 972143. Is a a prime number?
False
Let n(c) = -312*c + 68. Let d(p) = 155*p - 34. Let x(a) = 5*d(a) + 2*n(a). Is x(5) a prime number?
False
Let p = -27 + 31. Suppose -5*s = -3*i - 6, 2*s + 2 + p = 4*i. Suppose -2*r = s*r - 325. Is r a composite number?
True
Let i(n) = 12728*n**2 - 14*n - 12. Let u be i(-1). Suppose 0*c = 4*g + 3*c - 50972, g + 4*c - u = 0. Is g prime?
False
Let h(i) = 48*i - 31*i + 124*i + 33. Let g be h(20). Suppose -6*l + 9*l - g = 0. Is l a prime number?
False
Let r(o) = -301 + 146 + 147 + 19*o + 2*o**2. Let t = 9 + -24. Is r(t) a composite number?
False
Let g be (-2)/(-3) + 2/3*5687. Let x = g + -1918. Is x composite?
True
Let k = -66 - -70. Suppose 52*u - k = 51*u. Suppose -354 = u*y - 10*y. Is y composite?
False
Let d = -76 - -72. Suppose 2*q - 68 = q. Is 1 + 0 + d + q a composite number?
True
Let l(v) = v**2 + 2*v - 3. Let w be l(2). Suppose -w*t - 176 = -36. Let y = 233 + t. Is y prime?
False
Let k(p) = -p + 26. Let d be k(7). Suppose d + 21 = 4*f. Is -86*(-5)/f - (0 - 4) a prime number?
True
Let m be -1*(0 - (-2 - -4)). Let w(s) = 17*s**m - 5*s**2 - 8 + s**3 + 3*s - 41*s**2. Is w(29) a prime number?
True
Suppose 17*a - 21*a - 14860 = 0. Let v = 3105 - a. Suppose -8*l = 1484 - v. Is l a composite number?
True
Suppose -2*w - 1998 = -7804. Let y = -1266 + w. Is y prime?
True
Let p(d) = 8*d**3 + 13*d**2 - 45*d + 4. Let v be p(-22). Let h = v + 122515. Is h composite?
False
Let s(k) = -6*k - 12. Let d(j) = -3*j - 6. Let a(q) = 5*d(q) - 3*s(q). Let r be a(-3). Is 7890/9 + r/(-9) a prime number?
True
Let p(q) = -q**2 - 9*q - 16. Let j be p(-4). Let v be 407/77 + j/(-14). Suppose 2247 = v*r - 1338. Is r composite?
True
Let i(c) = -70586*c + 1127. Is i(-4) composite?
True
Suppose 2*q = r + 103994, -q - 5*r + 52034 + 7 = 0. Is q prime?
False
Let c(a) = -51285*a - 781. Is c(-2) a prime number?
True
Suppose -5*u = 15, t - 2*u = 8 - 0. Suppose -345 = 5*h + 5*v, 3*h + 2*h - t*v = -366. Let d = 125 + h. Is d composite?
False
Suppose 6*k = 8*k - 4. Let d be k/(-3) - (-16)/6. Suppose -2*t + 2516 = d*t. Is t a prime number?
False
Let g(z) = 30428*z**2 - 4*z - 11. Is g(-1) a prime number?
False
Let l(i) be the second derivative of 19*i**4/4 - 6*i**3 - 47*i**2/2 + 37*i. Is l(19) a composite number?
True
Suppose 0*v + 4*c - 3 = 3*v, 2*v + 2*c = 12. Let u(a) = 0 + a**v - 9*a**2 - 29*a + 5 + 5. Is u(12) a composite number?
True
Suppose 3*d - 90 = -5856. Let y(v) = 18*v**3 - 6*v**2 - 15*v - 6. Let j be y(6). Let o = d + j. Is o a prime number?
False
Let u = 143 - 157. Let h(s) = -2*s**3 - 12*s**2 - 4*s + 34. Is h(u) a composite number?
True
Let m(w) be the first derivative of w**6/120 - w**5/15 - w**4/12 - 5*w**3/2 + 7*w**2/2 + 44. Let r(y) be the second derivative of m(y). Is r(10) prime?
False
Let x = -57 - -60. Suppose -3*m + x*z + 3 = 0, -2 = z - 0. Is 1146 + (-26)/39 + m/3 a composite number?
True
Suppose -13681 = -2*b - 3*o, 0*b + 13702 = 2*b - 4*o. Suppose 5*z + 2*v = 8557, 11*z - 7*z = -v + b. Is z a composite number?
True
Let c(x) = 8*x + 16. Let n be c(-2). Suppose n = -5*z + 8899 + 10336. Is z a composite number?
False
Let d = 30366 + -20651. Let v = d - 4470. Is v a composite number?
True
Let r(q) be the second derivative of 0 + 17*q + 25/12*q**4 - 3/2*q**2 + 1/2*q**3. Is r(-6) prime?
False
Suppose -u = -6*u + 2*i + 135895, -4*u = 3*i - 108693. Is u - (-15)/3 - 3 composite?
False
Let m(i) = 47*i**2 + 768*i + 813. Is m(-76) a composite number?
True
Suppose 2*s - a = 531971, 5*a + 796124 = 5*s - 533796. Is s prime?
True
Let s(v) = v**2 + 40*v + 202. Let i be s(-34). Is 67985*5/25 + i a prime number?
False
Let k(h) = 8*h**2 + 6*h + 2. Let v(t) = 15*t - 51. Let g be v(3). Is k(g) a composite number?
True
Let c(a) = -a**3 + 2*a**2 + 4*a - 1. Let o be c(3). Suppose -4*x + 4229 = -3*s, -12*x - 1051 = -13*x + o*s. Is x composite?
False
Let p(u) = 8*u**3 - 12*u**2 - 9*u + 5. Let g(a) = 3*a**3 - 4*a**2 - 3*a + 2. Let i(t) = -11*g(t) + 4*p(t). Let d be i(-3). Is (-324 + -2)*d/4 prime?
True
Is -3*(-1 + 2)*560540515/(-2895) a composite number?
False
Let l be (24/72)/(1/(-111885)). Let o = l + 52308. Is o prime?
True
Let d(h) = 371*h**2 + 2*h - 14. Is d(-17) prime?
True
Suppose 569*b = 549*b + 671260. Is b prime?
True
Let o(a) = 388*a**3 + 10*a**2 + 6*a - 73. Is o(4) a prime number?
True
Let p be ((-14)/3)/(4/(-6)). Let h(s) = s**2 - 33*s + 302. Let o be h(54). Is o*(2 - p/4) a composite number?
False
Suppose 1228 = 2*u - u. Suppose p - 2*r - 105 = 0, -8*r - 211 = -2*p - 3*r. Suppose -99*i = -p*i + u. Is i a prime number?
True
Let l(n) = 350*n**2 + n - 1. Let c = -36 + 34. Is l(c) a composite number?
True
Let x(q) = -3*q + 12. Let v be x(3). Suppose -s - 416 = -2*c + 1173, -4*c + 3173 = -v*s. Is c a composite number?
False
Suppose -14*i = -15*i - 2*b + 1468373, 4*i = -5*b + 5873513. Is i prime?
True
Suppose 72*c = 70*c + 86. Suppose -3*j - 5*h = -19, 2*j + j - h - c = 0. Suppose 15*u = j*u + 8746. Is u composite?
False
Let d(o) = -3764*o**2 - 16*o - 29. Let v(y) = 3763*y**2 + 16*y + 28. L